1)*1/2. Determine f(t).
0
Let r(t) = 1. Let p(u) = -16 + 0 - 4 - u + 5*u. Let n(q) = p(q) + 20*r(q). Calculate n(-2).
-8
Let s(w) = -7*w - 2. Let u(n) = 4*n + 1. Let q(d) = 6*s(d) + 11*u(d). Determine q(3).
5
Let t(y) be the second derivative of 7*y**3/6 + y**2 + 2*y. Let v be t(-1). Let b(z) = -z**2 - 6*z - 7. What is b(v)?
-2
Let g(t) = -t**3 + t**2 + t. Let i(j) = -j**2 - j + 1. Let m(w) = -g(w) - i(w). What is m(0)?
-1
Let c(n) = n + 32. Let d be c(-10). Let z = d + -16. Let b(u) = -2*u - 4. What is b(z)?
-16
Let n(q) = 2*q**2 - q**2 + 3*q**2 - q**3. Suppose 16 = 5*d - 24. Suppose d = -2*b + 4*b. Give n(b).
0
Let o = 13 + -9. Suppose f + f = o*m - 34, f + 21 = 3*m. Let l be (2/6)/((-1)/f). Let i(d) = d**3 - 2*d**2 - 3*d + 4. What is i(l)?
4
Let y be ((-36)/30)/(3/(-20)). Suppose y = -5*h + 3. Let i(m) = 10*m**3 - 2*m - 1. Give i(h).
-9
Let o(l) = -17*l**2 - 5*l + 9. Let j(k) = 8*k**2 + 2*k - 4. Let c(d) = -7*j(d) - 3*o(d). Give c(2).
-17
Let i(o) = o**2 - 3. Let g = -4 - -8. Suppose 5*s + 19 = g. Calculate i(s).
6
Let z(x) be the first derivative of -6 + 0*x**2 + 9*x + 1/4*x**4 - 1/3*x**3. Determine z(0).
9
Let b(x) be the second derivative of x**4/12 - 2*x**2 - x. Let t = 24 + -27. What is b(t)?
5
Let c(g) = 2*g + 21*g**2 - 43*g**2 + 17*g**2 - 1. Let b = -1 - -3. Let q be b/(-9) + 11/9. Calculate c(q).
-4
Let p be 1*(0/(-2) - -1). Suppose -q - 3 = -p. Let w(g) be the third derivative of g**6/120 + g**5/30 - g**4/8 - g**3/6 + g**2. What is w(q)?
5
Let k = 9 - 14. Let n(s) = 12 - 23 + 5 - s - 2. Determine n(k).
-3
Suppose -2*a = -7*a - 35. Let g(s) = -s - 3. What is g(a)?
4
Let n(h) = 3*h**2 + h. Let s(d) = d**3 - d**2 + 2*d - 3. Let v be s(2). Let g = 5 - v. Suppose -2*z + g = 2. What is n(z)?
2
Let n(a) be the first derivative of a**3/3 - a**2/2 + a + 20. Determine n(2).
3
Let v(d) = 5*d**2 + 17*d - 13. Let k(m) = -3*m**2 - 9*m + 7. Suppose 5*h - 3 = 4*w, 4*h - 8 = 8*w - 4*w. Let t(a) = w*k(a) - 4*v(a). What is t(2)?
-3
Suppose 5*t = 3*m + m - 45, 5*m - 45 = 4*t. Let h(l) = -6 + 3*l**2 + 0*l**3 + 3*l**2 + 2*l**3 + 3*l - l**3. Give h(t).
4
Let v(q) be the first derivative of -5*q**3/3 - q - 10. What is v(1)?
-6
Let g(o) = o**3 + 2*o**2 + o + 1. Let u be (-3 + -2)*(-2)/(-5). What is g(u)?
-1
Suppose -16 = -3*y + 5*t, 3*y - 2*y - 4*t - 10 = 0. Let o(x) = -2*x**2 + x - 2. Calculate o(y).
-8
Let q(a) = a**3 - 6*a**2 + a - 8. Suppose 0*w = 4*w. Suppose 3*f - 8 - 10 = w. Calculate q(f).
-2
Let g(d) = 3*d. Suppose -5*v = -6*v. Let w be (2 + v/1)*2. What is g(w)?
12
Let n(v) = -2*v + 3*v + 2 + 7 - 2*v. Calculate n(7).
2
Let h(x) = -1 - 1 + 0 + 5*x**2 + x - 4*x - x**3. Let z = 11 - 8. Give h(z).
7
Let w = -6 - 1. Let b = w + 10. Let i(o) = -o + 6. Give i(b).
3
Let h(v) = -2*v - 7*v - v**2 - 34 + 14 + 17. Determine h(-6).
15
Suppose -2*a + 0*d = 2*d + 8, a = d + 6. Let s(b) = 3*b - 5*b + a - 3. Give s(-3).
4
Let i(w) = 3*w. Suppose 16 = 4*s + 5*g, 3*g - 5*g = 2*s - 10. Let b = s + -6. Calculate i(b).
9
Let t = 54 - 63. Let u(f) = f**3 + 8*f**2 - 9*f + 4. Determine u(t).
4
Let n(z) = -z. Let g(c) = c**2 + 4*c + 4. Let u(b) = -g(b) + 3*n(b). Let j = -4 + -1. What is u(j)?
6
Let h(p) = p**2 - 2. Let t be h(2). Let x(u) = -t*u + 5 - 9 + 5*u. Let n = 0 - -3. Determine x(n).
5
Let k = 4 - 1. Suppose 0 = -0*h - k*h. Let r(g) = g - 5. Determine r(h).
-5
Suppose 2*x + 10 = 3*n, 0 = 5*x - 0*x + 25. Let l(m) be the first derivative of -5*m + 1/2*m**2 + 2 - 1/3*m**3. Give l(n).
-5
Let r(m) = 2*m + 4. Let t = -1 + 1. Let o = -6 - t. Determine r(o).
-8
Let n(f) = -f - 4. Let b be (-3)/((-18)/(-4))*-6. Let d be (b - -1)*3/(-5). Let i = d - -3. What is n(i)?
-4
Let p(b) = -b - 7*b + 2*b + 4 + 7*b. Calculate p(-4).
0
Let p(i) = i. Let z be p(0). Let j(m) = z*m - 2 - 3*m + 4*m. Let b(d) = -d + 29. Let u be b(24). What is j(u)?
3
Suppose -7 = -4*j + 9. Suppose -5*t + 1 = -j. Let a(v) = -12*v**2 + 1. What is a(t)?
-11
Let n(k) be the second derivative of k**3/2 + 3*k**2/2 + 42*k. Give n(-3).
-6
Let g(m) = -m**3 - 5*m**2 - 4*m - 1. Let i be (3 + -3 - -1)*-7. Let t = i - -16. Let a be (15/10)/(t/(-24)). Give g(a).
-1
Suppose 6 - 2 = w. Let u(h) = 4*h + 2*h - 3*h - w*h - 2. Calculate u(0).
-2
Let x be (0 - (2 + -3))/((-1)/(-7)). Let o(j) = -j + 8. Calculate o(x).
1
Let t = -3 - -6. Let a(p) = 0*p - 2*p + 2*p - p. Give a(t).
-3
Suppose 2*b + 12 = 5*b. Let c(d) = -b + 2*d**2 + 5 + 5*d + 5 - 2. Calculate c(-3).
7
Suppose 0 = -2*o - 5*j + 17, 13*o + 8 = 18*o + j. Let d(b) = -5*b**2 + 3*b + 1. Let n(t) = 9*t**2 - 5*t - 2. Let s(a) = -11*d(a) - 6*n(a). Determine s(o).
-1
Let i(x) be the second derivative of 6*x + 0 + 2*x**2 - 1/6*x**3. Calculate i(3).
1
Let i(o) = o**2 + 8*o + 8. Let f(j) = 4*j**2 + 33*j + 33. Let d(v) = 2*f(v) - 9*i(v). Let s(w) = w**2 + 4*w - 6. Let g be s(-6). Let x = -10 + g. What is d(x)?
2
Let r(p) = -6*p**2 - p - 2*p**3 + 3*p**3 - 2*p + 7. Determine r(6).
-11
Suppose 0 = 5*i - 2*p - 8, 2*i + 2*p - 3 = 3*p. Let w(l) = -3*l**2 + 17*l - 1. Let a(s) = s**2 - 8*s. Let n(m) = i*w(m) + 5*a(m). Calculate n(-5).
3
Let s(m) be the third derivative of -m**6/24 - m**4/24 + m**3/6 - 5*m**2. Give s(1).
-5
Let z(o) = -o**3 - 3*o**2 + 1. Suppose 10 - 14 = -2*v. Suppose -9 = f + 4*r, -v*r = 4*f + r + 10. Determine z(f).
-1
Let y = 8 - 13. Let j(d) be the third derivative of d**8/6720 + d**7/504 - d**5/20 - d**4/8 + 3*d**2. Let f(n) be the second derivative of j(n). Determine f(y).
-6
Let s(v) = -v**3 - 7*v**2 + 3*v - 3. Let u(a) = -a**3 - 8*a**2 + 2*a - 3. Let y(w) = -4*s(w) + 3*u(w). Determine y(-5).
8
Let f be (-4 - 1) + 1 + 7. Let x(w) = -w + 3. Determine x(f).
0
Let u(y) = -y - 4. Suppose 0*d = d + 1. Let f(o) = 1. Let k(t) = d*f(t) + u(t). Give k(0).
-5
Let w(z) = 7*z**2 - 2*z - 4. Let n(m) = 4*m**2 - m - 2. Let g(b) = 5*n(b) - 3*w(b). Determine g(-2).
-4
Let b(j) = -8*j - 5. Let x(m) = 7*m + 4. Let p(f) = 3*b(f) + 4*x(f). Determine p(2).
9
Let y = 7 + -5. Let s(i) = 0*i - i + y*i. Let j(m) = m**3 + m**2 - m. Let f be j(1). Determine s(f).
1
Let t(z) be the third derivative of z**5/60 + 7*z**4/24 - 5*z**3/6 - 19*z**2. Give t(-8).
3
Let y(u) = -u. Let l = -29 + 42. Suppose 5*w = 5*i - 55, 0 = -2*w + w - 5*i + 1. Let j = l + w. Give y(j).
-4
Let x(p) = 45*p**3 - 4*p + 4 - 44*p**3 - 2*p**2 + 1 - 4. Determine x(4).
17
Let u be -5 + 2 + 3 + -3. Let g be 12*u/9*-1. Let b(x) = -x**2 + 5*x - 2. What is b(g)?
2
Let s be (-5)/(-2*(-5)/(-10)). Let i(j) = j**3 - 5*j**2 - j - 3. Give i(s).
-8
Suppose 10 = 8*k - 38. Let n(c) = c**3 - 5*c**2 - 6*c - 4. Determine n(k).
-4
Let v(o) = -2*o**3 + 14*o + 9*o**3 + 4*o**2 + 3 - 21*o**2. Let t(d) = 3*d**3 - 8*d**2 + 7*d + 2. Let b(n) = -9*t(n) + 4*v(n). Let r = -9 + 4. Give b(r).
4
Let s(x) = 5 - 5*x + 3*x**3 - 6 + 4*x**2 - 2*x**2 - 5. Let j(p) = -13*p**3 - 7*p**2 + 20*p + 24. Let m(l) = 2*j(l) + 9*s(l). Calculate m(-5).
-6
Let x(r) be the first derivative of r + 2 + 3/2*r**2. Give x(3).
10
Let h(l) = -l**3 - 7*l**2 - 7*l - 4. Suppose 8 = 2*c + 2*s + 3*s, -4*s = -16. Let j be h(c). Let b(p) = p**3 - p - 1. Calculate b(j).
5
Suppose -v - 5 = 0, -48 + 3 = -4*n + 5*v. Suppose n - 21 = -2*z. Suppose 6*p + z = 4*p. Let a(c) = -c - 1. Give a(p).
3
Suppose 8*l - 3*l = -j + 32, -5*l + 41 = -2*j. Let s(o) = -2 - 1 + 3*o**2 - 4*o**2 - l*o + 0*o**2. Give s(-5).
7
Let w(o) = -o + 3. Let z be w(5). Let b = 3 + z. Let n(d) = 2*d**3 + 2*d - 1. Give n(b).
3
Let y = -6 + 7. Let v(m) = -2*m**3 + y + 3*m + m**3 - 2*m + m**2. Let t be -2 - (-2 + (-2)/(-2)). Calculate v(t).
2
Let t(c) = c - 8. Suppose 6 = 2*j - j + 2*a, 5*j - 2*a = 6. Let x be -3 + 9 + j + -4. Calculate t(x).
-4
Let d(p) = -5*p**3 + 6*p**3 - p**2 + 2*p**2 - 3*p - 4*p**2. Give d(3).
-9
Let c = 0 + 5. Let o(y) = -y**3 - 7*y**2 - 5*y + 8. Let a be o(-6). Let q(h) = a + 0 + h**2 - 3*h - 2*h. Calculate q(c).
2
Let n(i) be the first derivative of i**2/2 - 2*i - 10. What is n(4)?
2
Suppose -7*b = -9*b. Let m(n) be the third derivative of n**6/120 - n**5/60 - n**3/6 - n**2. Determine m(b).
-1
Let i(l) = -3*l - 6. Let a(m) = -m**3 + 2*m**2 - 2*m. Let c be (-2)/6 + (-70)/(-30). Let k be a(c). Calculate i(k).
6
Suppose -3*x - 15 = 4*m + 2*x, -2*m - x - 3 = 0. Let o(r) = -r**2 + r + 7. What is o(m)?
7
Suppose -5*o + 51 = -4*u, 2*u = o - 5 - 10. Let m = o + -13. Let g(p) = p + 1. Give g(m).
-5
Suppose